he highest common divisor of 68 and 6664?
68
What is the highest common factor of 700 and 232050?
350
What is the highest common divisor of 95 and 18677?
19
What is the greatest common factor of 116614 and 1990?
398
What is the highest common factor of 234050 and 155?
155
What is the greatest common factor of 52900 and 20631?
529
Calculate the highest common factor of 1152 and 912.
48
Calculate the highest common factor of 597570 and 45.
15
What is the highest common divisor of 1008334 and 3178?
454
Calculate the greatest common divisor of 593187 and 1974.
987
Calculate the highest common factor of 1074 and 1611.
537
What is the greatest common factor of 2990260 and 31?
31
Calculate the greatest common divisor of 1040288 and 228.
76
Calculate the highest common factor of 145 and 218345.
5
Calculate the greatest common factor of 67027 and 485.
97
What is the greatest common divisor of 5904 and 651312?
144
Calculate the highest common factor of 13826 and 1115.
223
Calculate the greatest common divisor of 30734 and 3302.
254
What is the highest common divisor of 213803 and 141?
47
Calculate the highest common factor of 132 and 36228.
12
What is the highest common factor of 1211724 and 54?
18
Calculate the greatest common divisor of 3128 and 6072.
184
What is the greatest common factor of 5093 and 2189?
11
Calculate the highest common factor of 24007875 and 219.
219
What is the greatest common factor of 918 and 45135?
153
What is the highest common factor of 663 and 66521?
221
Calculate the greatest common factor of 865 and 12802.
173
Calculate the greatest common divisor of 590 and 80.
10
Calculate the greatest common divisor of 41265 and 840.
105
What is the greatest common factor of 30 and 129435?
15
Calculate the highest common divisor of 2175 and 34365.
435
Calculate the greatest common factor of 179348 and 52.
52
Calculate the greatest common factor of 1487033 and 58.
29
Calculate the highest common divisor of 358464 and 9024.
192
Calculate the highest common divisor of 20400 and 1365.
15
Calculate the highest common divisor of 1406184 and 312.
312
What is the highest common divisor of 38648 and 2096?
8
What is the greatest common divisor of 17580 and 5505?
15
Calculate the greatest common factor of 26 and 233831.
13
What is the highest common factor of 406986 and 696?
174
What is the greatest common divisor of 68573 and 47?
47
Calculate the highest common divisor of 24879 and 18.
3
Calculate the greatest common divisor of 202 and 1541159.
101
What is the greatest common divisor of 140 and 1144395?
35
What is the highest common factor of 616 and 357448?
56
What is the highest common factor of 29 and 212599?
29
What is the highest common divisor of 19244 and 69052?
1132
What is the highest common factor of 14290 and 45?
5
What is the highest common divisor of 1767480 and 24?
24
Calculate the highest common factor of 58 and 1483988.
58
Calculate the greatest common factor of 162161 and 403.
31
Calculate the highest common divisor of 511 and 125633.
73
What is the greatest common factor of 3006 and 14706?
18
Calculate the greatest common factor of 33549 and 1272.
159
Calculate the highest common factor of 324 and 60804.
108
Calculate the greatest common factor of 185 and 160025.
185
What is the highest common divisor of 288675 and 45?
45
Calculate the highest common divisor of 4785 and 116.
29
Calculate the greatest common factor of 132225 and 12915.
615
Calculate the highest common factor of 57529 and 9.
1
What is the highest common factor of 27762 and 560?
14
Calculate the greatest common factor of 11 and 7729436.
11
What is the highest common factor of 130375 and 5600?
175
What is the highest common divisor of 2536 and 40?
8
What is the highest common divisor of 104 and 2072?
8
What is the highest common factor of 6 and 198890?
2
What is the highest common factor of 1820 and 135?
5
What is the greatest common divisor of 186020 and 60?
20
Calculate the greatest common divisor of 316 and 4187.
79
What is the greatest common divisor of 235422 and 522?
522
Calculate the greatest common divisor of 730 and 356386.
146
Calculate the greatest common factor of 200233 and 9592.
1199
Calculate the greatest common divisor of 1026 and 361.
19
What is the highest common factor of 33860 and 1660?
20
Calculate the greatest common divisor of 7800 and 1000.
200
Calculate the highest common divisor of 208211 and 59.
59
Calculate the greatest common factor of 550397 and 3992.
499
What is the highest common factor of 43274 and 4496?
562
Calculate the highest common factor of 9 and 48429.
9
Calculate the greatest common factor of 1477 and 287.
7
Calculate the highest common divisor of 41942 and 402.
134
Calculate the highest common factor of 219384 and 456.
24
Calculate the highest common factor of 31921 and 5891.
137
Calculate the greatest common divisor of 321559 and 497.
497
Calculate the greatest common divisor of 201676 and 254.
254
Calculate the highest common factor of 1624 and 2146.
58
What is the greatest common divisor of 334 and 249331?
167
Calculate the highest common divisor of 79 and 188257.
79
What is the highest common divisor of 4338 and 2682?
18
What is the highest common divisor of 25483 and 85?
17
What is the greatest common divisor of 57989 and 5630?
563
What is the greatest common factor of 363 and 17193?
33
What is the greatest common factor of 18 and 85671?
9
Calculate the greatest common factor of 1433805 and 732.
183
Calculate the highest common factor of 2278725 and 69.
69
Calculate the highest common divisor of 4522 and 8246.
266
Calculate the highest common divisor of 466326 and 9.
9
What is the greatest common factor of 4166738 and 19?
19
What is the greatest common factor of 118 and 82?
2
What is the greatest common factor of 98 and 914802?
14
Calculate the highest common factor of 1344 and 183792.
336
Calculate the greatest common divisor of 254 and 1318.
2
Calculate the greatest common factor of 404 and 56863.
101
Calculate the greatest common divisor of 2023 and 43435.
119
What is the highest common factor of 2470 and 57950?
190
What is the highest common divisor of 13736 and 505?
101
What is the highest common divisor of 4 and 228428?
4
What is the highest common divisor of 7051 and 143?
11
Calculate the highest common factor of 23 and 114839.
23
What is the highest common divisor of 44299 and 31?
31
What is the highest common factor of 1178 and 52478?
38
What is the greatest common divisor of 24397 and 136151?
787
What is the greatest common divisor of 711383 and 2274?
379
What is the greatest common divisor of 4472 and 16120?
104
Calculate the highest common divisor of 48396 and 763.
109
Calculate the greatest common factor of 14 and 213878.
14
What is the highest common divisor of 297 and 195107?
11
Calculate the highest common divisor of 1919507 and 685.
137
What is the highest common divisor of 7600 and 500?
100
Calculate the greatest common factor of 261181 and 417.
139
What is the greatest common factor of 1008 and 1031256?
72
Calculate the highest common divisor of 2178 and 1833150.
726
What is the greatest common factor of 25 and 7354525?
25
Calculate the greatest common factor of 288182 and 534.
178
Calculate the highest common factor of 309 and 50264.
103
What is the greatest common divisor of 13653 and 12987?
333
Calculate the greatest common factor of 31106 and 33522.
302
What is the highest common divisor of 75999 and 2156?
539
Calculate the greatest common factor of 190 and 1168918.
38
Calculate the greatest common factor of 259736 and 24.
8
What is the highest common divisor of 38004 and 54?
6
Calculate the greatest common divisor of 2535824 and 16.
16
Calculate the greatest common divisor of 17473 and 1717.
101
Calculate the highest common factor of 211392 and 4416.
192
Calculate the highest common factor of 313846 and 208.
26
What is the highest common factor of 9955 and 24616?
181
What is the highest common factor of 1186 and 474?
2
Calculate the highest common divisor of 4239 and 44902.
157
What is the greatest common divisor of 12285 and 5859?
189
Calculate the greatest common factor of 868 and 5880.
28
Calculate the greatest common factor of 25 and 10315.
5
Calculate the greatest common divisor of 5 an